 Let p be o(-2). Let y = 5768 + -5749. What is the greatest common divisor of y and p?
19
Let o(j) be the third derivative of j**4/4 - 19*j**3/3 - 2*j**2. Let g be o(9). What is the greatest common factor of 64 and g?
16
Let l = 19 + -10. What is the highest common divisor of l and 4?
1
Suppose 3*d - 2*d = 5. Suppose h + 2*x + 94 = 2*h, 480 = d*h - 5*x. Suppose 28 = u + u. What is the greatest common factor of u and h?
14
Suppose -p = -5*r + 397, -r + 0*r - 5*p + 95 = 0. Calculate the highest common divisor of r and 24.
8
Suppose -2*n + 4*k + 19 = -15, 0 = n - k - 16. Calculate the highest common factor of n and 3.
3
Suppose -18*v - 378 = -32*v. Calculate the greatest common divisor of v and 243.
27
Suppose 2*v - 164 + 68 = 0. Calculate the highest common divisor of v and 240.
48
Suppose 3 = x + 4, -4*x = -5*h + 439. Let m = 103 - h. What is the highest common factor of 128 and m?
16
Suppose -125 = 3*m - 8*m. Suppose 14 = 2*i + j, -i = 3*j + 90 - 107. What is the highest common divisor of m and i?
5
Let p = -388 - -406. Calculate the greatest common divisor of 558 and p.
18
Suppose -885 = -12*v - 333. Calculate the greatest common factor of v and 115.
23
Let b = -56 + 85. Let k(p) = -p**3 + 6*p**2 + 14*p - 2. Let n be k(-5). What is the greatest common factor of n and b?
29
Suppose 33*b - 31*b = -64. Let f = -37 - b. Let g = 32 + f. What is the greatest common divisor of 18 and g?
9
Let x be (-108)/(-45)*20/(2/(-2)). Let p be x/(-4)*27/6. Calculate the greatest common factor of p and 36.
18
Let o(j) = 1. Let m(a) = -6*a**2 + 2*a. Let y(f) = -m(f) + o(f). Let l be y(1). Calculate the greatest common factor of l and 2.
1
Let s be (-4)/(-14) - (-5852)/98. Suppose 2*f + f + 30 = 0. Let h = f + 25. Calculate the greatest common divisor of h and s.
15
Let j be 6/2 + 1 + 0. Suppose 2*r - 70 + 28 = 0. Let f = -17 + r. Calculate the greatest common divisor of f and j.
4
Let w = 85 + 10. Let a be w/15 + (-4)/(-6). Suppose a*s - 12*s = -50. What is the greatest common factor of s and 4?
2
Let w be 1 + 2 - 1/(6/(-204)). Calculate the greatest common divisor of 148 and w.
37
Let y(t) = -11*t + 4. Let l(s) = 35*s - 13. Let a(u) = 2*l(u) + 7*y(u). Let m be a(-3). Calculate the greatest common factor of m and 184.
23
Let n(t) = -t - 128. Let g be n(0). Let p = g - -188. Let w = -16 - -28. Calculate the highest common divisor of p and w.
12
Let h(g) = -2*g**3 + g**2 - g - 1. Let o be h(-2). Let k = 23 - 2. What is the highest common divisor of k and o?
21
Let q = 367 - 347. Calculate the highest common divisor of 2260 and q.
20
Suppose 4*b + 4 + 8 = 0. Let f be 35 + (b - -1 - 1). Let s(i) = -i**2 - 7*i - 6. Let k be s(-5). Calculate the greatest common divisor of f and k.
4
Let z be 2/(3 - 403/135). Suppose -z = -4*u + 69. Suppose u - 150 = -3*b. What is the greatest common factor of 11 and b?
11
Suppose -212*l = -197*l - 11160. Calculate the highest common factor of l and 144.
24
Let w = -332 + 442. Calculate the greatest common factor of w and 33.
11
Let s = 160 - 141. Calculate the highest common factor of 19 and s.
19
Suppose -2*n = -17*k + 22*k - 482, -5*k + 475 = -5*n. Calculate the highest common factor of k and 228.
12
Let m(p) = -5*p**2 + 61*p + 4. Let j be m(12). Calculate the highest common divisor of j and 5024.
16
Let x(j) = j**2 - 7*j - 7. Let u be x(-5). Suppose -3*o + 16 = -u. Let i = o + -10. What is the greatest common factor of 52 and i?
13
Let k = -5 + 12. Suppose k*l - 124 = -40. Calculate the greatest common divisor of l and 9.
3
Let h = -211 + 317. Let x = -144 - -409. What is the highest common factor of h and x?
53
Suppose 5*b = -4*x + 19, -b = -5*x - 8 + 10. Suppose 44 - 173 = -b*p. Calculate the highest common divisor of 86 and p.
43
Let g(h) = h**2 - 8*h + 10. Let t be g(7). Suppose -4*b = -10 - 2, 81 = -4*w + t*b. Let y be (-12)/w*(51 - 0). What is the greatest common factor of y and 17?
17
Let z be -1*(-3 + 4 + -2). Suppose -4*g + 11 + z = 0. Suppose -6*s = -11*s + 105. Calculate the greatest common factor of s and g.
3
Suppose 3*m - 5*f = 330, 0 = 4*m - 5*f - 146 - 289. Calculate the highest common factor of m and 60.
15
Suppose -5*g + 192 = -g. Suppose -2*d = 3*k - 0 - 3, -5*k - 21 = -d. What is the greatest common divisor of d and g?
6
Suppose 0*j - 3*j + 2632 = r, -2*j + 1740 = -3*r. Suppose j + 744 = 9*f. What is the highest common divisor of 20 and f?
20
Let x(v) = -v**3 - 16*v**2 - 4*v - 15. Suppose 2*i + 5*b + 27 = 0, 0 = -i + 9*b - 5*b - 20. Let j be x(i). What is the greatest common factor of 392 and j?
49
Let z(w) = 3*w + 2. Let x be z(1). Suppose -x*d + 9 = -2*y, 3*y - 2*d - 49 = -7*d. Calculate the greatest common factor of 1 and y.
1
Suppose 2*b - 5*g + 50 + 5 = 0, -3*g = -b - 29. Let h = b + 55. Let i be (4/2)/((-2)/(-245)). What is the highest common divisor of i and h?
35
Let n(s) be the first derivative of -s**4/4 + 11*s**3/3 - 2*s**2 + 4. Let f be n(10). Let i = f - 40. Calculate the highest common factor of 140 and i.
20
Let f(h) = 2*h**2 - 33*h + 34. Let t be f(16). Calculate the greatest common factor of 114 and t.
6
Suppose i - 4*s + 6 = 15, -27 = -3*i + 3*s. Let a(t) = i*t + 6*t**2 - 5*t**2 + 7 - 10. Let q be a(-11). What is the highest common factor of q and 171?
19
Let r be (-27)/18 - (-1405)/10. What is the highest common factor of r and 1?
1
Let y(t) = 3*t**2 + 37*t + 14. Let x be y(-17). Calculate the highest common divisor of 156 and x.
12
Let z(h) = h - 14. Let o be z(19). Suppose -r + 37 = -o*g - 85, -526 = -4*r + g. Let t be 10 + (4 - 0 - 2). What is the highest common divisor of t and r?
12
Let r(x) = -45*x - 6. Let k be r(-1). Calculate the highest common factor of k and 117.
39
Suppose 10*h = 7*h + 45. Let n = 31 - h. Calculate the highest common factor of 40 and n.
8
Suppose 19*h - 285 - 57 = 0. What is the greatest common factor of h and 102?
6
Let z = -5 + 27. Let f(h) = 107*h - 16. Let u be f(2). Calculate the greatest common factor of z and u.
22
Let r = -999 + 1020. Calculate the highest common factor of r and 105.
21
Suppose 7*x - 3*q - 1518 = 1128, 2*q - 378 = -x. What is the highest common factor of 14 and x?
14
Suppose -3*w + 200 = w. Suppose -5*d = -2*d + 111. Let p = 112 + d. What is the highest common factor of p and w?
25
Suppose -334 = 3*o - 784. What is the highest common factor of o and 6?
6
Let v(h) = 25*h + 4. Let p be v(2). Let j be 3 - (-7)/(14/p). Suppose 42 = 5*s - 4*x, 4*s = 3*x + 2*x + j. Calculate the highest common factor of 10 and s.
10
Let y = 2 - 14. Let m be 2/(-3) + 316/y. Let u = m + 75. What is the highest common divisor of u and 12?
12
Let h be (-8)/12 - 16/(-6). Suppose -h*w - 3*a + 89 = -110, 193 = 2*w + a. Calculate the highest common factor of 19 and w.
19
Let c = -17 - -59. Suppose 12*r - 5*r - c = 0. What is the greatest common divisor of 2 and r?
2
Let m(j) be the second derivative of -j**3/3 - 9*j**2/2 + 13*j. Let b be m(-8). What is the highest common divisor of 77 and b?
7
Let s be (-10)/(-35) + 90/(-21). Let v be 10/(s - (-51)/12). Calculate the greatest common divisor of v and 20.
20
Let n = 210 + -208. Let m(i) = -5*i**3 + 4*i**2 + 2*i**3 - 2 + 2*i**3 - i. Let t be m(n). Calculate the greatest common divisor of t and 20.
4
Let m = 14 - -38. Suppose 0 = -16*x + 15*x + 13. Calculate the highest common divisor of m and x.
13
Let m be (18/(-8) - -3)*(-2 - -10). Let b be (-3)/(-4)*m/3*6. What is the greatest common factor of 81 and b?
9
Let d be 7*(4 + -5) - -27. What is the greatest common divisor of 205 and d?
5
Let w = -1952 + 1958. What is the highest common factor of w and 246?
6
Suppose 4*m - 3 - 25 = 0. What is the highest common factor of m and 847?
7
Let z = -645 - -660. Calculate the greatest common divisor of z and 18.
3
Let g be 9394/122 - (-1 - -12). What is the greatest common factor of 1881 and g?
33
Let z be 16/(-24) + (-584)/(-12). Calculate the greatest common divisor of z and 416.
16
Suppose -1665 = -2*u - 1581. What is the highest common factor of u and 280?
14
Suppose 23 - 77 = -6*m. Let o(b) = b**2 - 4*b - 11. Let i be o(m). Suppose 94 + i = 4*g. What is the highest common divisor of g and 4?
4
Let x = -58 - -26. Let w = -30 - x. Let v be (-37 - -1)/((-1)/w). Calculate the highest common divisor of v and 8.
8
Let k be (-95)/(-